t common factor of o and y.
6
Suppose -4*w = j - 57, -2 = -j - 5. What is the greatest common divisor of 105 and w?
15
Let x = -11 + 20. Calculate the greatest common divisor of 9 and x.
9
Let m = 74 - 41. Calculate the highest common divisor of m and 363.
33
Let n = 5 - 4. Calculate the highest common divisor of 8 and n.
1
Let d(h) = -4*h**3 - 5*h**2 - h - 5. Let o be d(-4). What is the greatest common divisor of 25 and o?
25
Suppose -3*u + 336 = -0*u. Suppose 0 = -18*b + 21*b - 42. Calculate the greatest common divisor of b and u.
14
Let k(v) = -v - 1. Let q be k(-4). Suppose 0 = -8*r + q*r + 570. Let z = -24 + r. Calculate the greatest common divisor of z and 15.
15
Let l be 8/(-3)*24/(-32). Suppose 0 = -v + 6 - 2. Suppose -l*s + s = 3*x - 3, x + v = 0. Calculate the greatest common divisor of s and 60.
15
Let u(l) = l**2 - 4*l + 8. Let d be u(6). What is the greatest common divisor of d and 10?
10
Suppose -8*v = 4*v - 2640. Calculate the greatest common factor of v and 55.
55
Let v be (-6)/(-9) + 2/(-3). Suppose 5*i - 240 - 255 = v. What is the greatest common divisor of 11 and i?
11
Let n(l) = -l**3 - l**2 + 8*l + 5. Let j be n(-5). Suppose -4*v + 8*v - 96 = 0. Let f be (0 - -1) + 1 + v. Calculate the highest common divisor of f and j.
13
Let k be 24 - (0 - -2)*-1. Let m = k - 11. Suppose -9*h = -228 - 42. What is the greatest common factor of h and m?
15
Let k be (23 - -2)*6/10. Let j = 35 - k. Calculate the greatest common factor of 80 and j.
20
Suppose 2*w + 864 = 5*w. Let q = w + -96. Calculate the highest common divisor of 24 and q.
24
Let i = -2 + 3. Suppose -3*y - 22 = -25. Calculate the highest common divisor of y and i.
1
Let q be 442/3*45/30. What is the highest common factor of 13 and q?
13
Let j be (9/2)/((-3)/(-4)). Let x = 68 + -43. Let l = 55 - x. Calculate the highest common divisor of j and l.
6
Let m = 1 - 1. Suppose -c = 3*f - 23, 2*f + m = c - 3. What is the highest common divisor of 11 and c?
11
Let m(n) = -11*n - 2. Let z be m(-4). Let w(v) = 12*v - 3. Let d be w(9). Calculate the greatest common factor of z and d.
21
Let q be 44/(-5) - 1/5. Let i(n) = -n - 7. Let u be i(q). Let r be (-6)/(-6) + 38*u. What is the greatest common divisor of 7 and r?
7
Suppose 3*l + 62 = t, l + 0*l = -t + 58. Let m = t - 37. Let b be 3*(3/(-9) - -1). Calculate the greatest common divisor of b and m.
2
Let n(y) = y**3 - y**2 - y + 70. Let o be n(0). Suppose 0*b - 10 = -b. What is the highest common factor of b and o?
10
Let f be ((-153)/2)/(1/(-2)). Let x = f - 81. Calculate the greatest common divisor of 9 and x.
9
Suppose -5 = -c, 5*m + 2*c - 3*c - 30 = 0. Suppose 3*k = k + 4. Suppose k*o = 3*b - 2*o - 72, 4*b - 3*o = 103. What is the highest common factor of b and m?
7
Let w be -5 + 1 + 51 - -3. Suppose w = 5*n - 40. What is the highest common divisor of 18 and n?
18
Let n(o) = 17*o - 2. Let z be n(1). Calculate the highest common divisor of 45 and z.
15
Let f be 2 + (-27)/(3*-1). Let p(g) = -10*g + 2. Let a = -4 - -2. Let i be p(a). Calculate the greatest common divisor of f and i.
11
Suppose 5*x = -k + 80, -2*k + 5*k + 3*x = 264. What is the highest common divisor of 30 and k?
30
Let h(n) be the first derivative of -n**4/4 - 2*n**3 - n**2 - 9*n - 5. Let s be h(-6). Calculate the highest common factor of s and 24.
3
Let d(f) = 8*f - 16. Let x be d(9). What is the greatest common divisor of 7 and x?
7
Suppose s - 6*s = 2*f - 29, 30 = 5*f + 4*s. Suppose -24 = -a - 0*a + f*g, a = g + 27. Calculate the greatest common factor of a and 90.
30
Suppose y - 3*y = 3*m - 620, -5*m + y = -1055. Calculate the highest common divisor of m and 21.
21
Let l(h) be the first derivative of h**2 + 0*h - 2 - h**3 + 3/4*h**4. Let y be l(3). Calculate the highest common factor of y and 24.
12
Let l = 16 + -11. Suppose -l = 3*s - 53. Calculate the greatest common factor of 24 and s.
8
Let q = -66 - -103. Suppose 14 = 3*w + 80. Let a = q + w. What is the highest common divisor of a and 75?
15
Suppose -4*c + 2 + 2 = 0. Let k = 15 + -10. Suppose -2*f - 8 = -5*b, k*f = 4*f - 3*b + 7. Calculate the greatest common divisor of c and f.
1
Let u be (-2)/(-2 + 1) + 24. Let g be 2 + 13 + 2 + -1. Let b = u - g. What is the highest common divisor of 10 and b?
10
Let h(b) = b**2 - 2*b + 4. Let t be h(-8). Let o = -6 - -9. Suppose -x = -6*x + 3*d + 75, -o*x + 16 = 4*d. What is the greatest common divisor of x and t?
12
Let z(m) = 0*m - 3*m - 3 + 8*m. Let h be z(2). Let w be (-2)/(-8) - 614/(-8). Calculate the greatest common divisor of h and w.
7
Let o(c) = -4*c + 2*c + c + 0*c + 3. Let y be o(-5). Calculate the greatest common divisor of 4 and y.
4
Suppose -i = 2*i + 9. Let o be i/((-22)/10 - -2). Suppose 4 + 41 = q. Calculate the highest common divisor of o and q.
15
Suppose 0 = -2*b + b + 3*w + 116, -b + 4*w = -114. Suppose -3*o = 14 - b. What is the highest common divisor of 90 and o?
18
Let c be 1/(-2) + 365/10. Suppose v - 4*v + 78 = -2*y, -v - 5*y = -9. Calculate the greatest common divisor of v and c.
12
Let k(g) = -g**2 - 5*g + 8. Let f be k(-4). Let c(h) = -17*h - 4. Let v be c(-8). Calculate the highest common factor of f and v.
12
Let n = -11 - -30. Suppose 0 = -p + n - 2. What is the greatest common factor of p and 17?
17
Suppose 0 = -9*k + 15*k - 168. Let w = 26 + -12. Calculate the greatest common factor of k and w.
14
Let g be -2 - (-51 + 0 + 0). Calculate the greatest common factor of 98 and g.
49
Suppose -5*z - 3*c = -182 + 436, -z + 2*c = 43. Let k = -27 - z. What is the highest common divisor of 11 and k?
11
Let t be 137/3 + 6/(-9). Suppose 0 = 3*i - t - 0. What is the highest common factor of i and 105?
15
Let f(d) be the first derivative of d**3/3 - d**2/2 + 48*d - 2. Let n be f(0). What is the greatest common factor of 6 and n?
6
Suppose -2*p + 4 + 0 = 0. Suppose 24 = 4*q - 2*q. Let u = q - p. Calculate the highest common divisor of u and 40.
10
Suppose -108 = -4*b - 36. Calculate the greatest common divisor of b and 45.
9
Suppose 0 = -4*u + p + 618, -u - p = 2*p - 148. Calculate the greatest common divisor of 22 and u.
22
Suppose 67 = 3*z - 5. What is the highest common factor of z and 12?
12
Suppose 0*v = 4*v - n - 38, 5*v = -n + 52. Let p(m) = m**2 - 13*m + 14. Let s be p(12). Let d be (-4)/(-8)*4/s. What is the greatest common factor of v and d?
1
Let r(c) = -c**2 + 25*c - 22. Let q be r(14). What is the greatest common factor of q and 88?
44
Suppose 0 = 5*p + 53 - 368. Calculate the greatest common divisor of p and 7.
7
Suppose -8 = -5*y + 12. Suppose f - 3*f = -b + 84, 0 = b - y*f - 88. What is the greatest common factor of 10 and b?
10
Let x(t) = -t**3 - 4*t**2 + 4*t - 4. Let o be x(-4). Let w = -11 - o. Let l be -6*-15*(-1 + 2). Calculate the greatest common factor of w and l.
9
Suppose -w + 1087 = 4*k, -2*k - 2*k = 3*w - 1077. Suppose -4*x - k = -1085. What is the greatest common factor of x and 29?
29
Let f = 28 + 17. Let u = 34 + -16. Calculate the highest common divisor of u and f.
9
Suppose -t = -5*b + 65, -4*b - 3*t + 76 = t. Calculate the highest common divisor of b and 14.
14
Let z = -462 - -814. What is the greatest common factor of z and 32?
32
Let p be (0 - 8)/(3/6). Let w = p - -30. Calculate the highest common factor of w and 28.
14
Let x = 2 - 12. Let h = x - -14. Calculate the highest common factor of h and 12.
4
Suppose z + 3 = h, 49 + 6 = 5*h + 3*z. Let w be (54/4)/(6/h). Let a = -83 + 86. What is the highest common divisor of a and w?
3
Let q be 7/(-1)*22/(-2). Let a(b) = b**3 + 5*b**2 - 2. Let h be a(-5). Let c be 42/(-3)*1/h. What is the greatest common factor of q and c?
7
Let d = -77 - -98. Calculate the highest common factor of 7 and d.
7
Suppose -2*g + 31 = -9. Calculate the highest common factor of 20 and g.
20
Let u be (-1 + 33/9)*3. Let k be u*(2 - 10/8). Suppose -3*s - 36 = -k*s. What is the highest common factor of 36 and s?
12
Let u be (31 + 2)/(3 - 2). What is the highest common factor of 22 and u?
11
Let t = 19 - 3. Let u be 0 + 0 + 2 + 1. Suppose z - 2*z = 3*n - 8, u*z - 10 = -2*n. What is the highest common factor of n and t?
2
Suppose 5*n + 12 = 2*n. Let x be ((-1)/(-2))/((-1)/n). Suppose -2*r + 2 = -x. Calculate the highest common factor of r and 8.
2
Let o = -12 + 19. Suppose i = -x + 12, -3*i = -0*x